5*i - 1832. Determine y(8).
32
Let h(t) = 5*t**3 + 51*t**2 - 930*t - 8864. Give h(-9).
-8
Let n(z) = -z**2 + 3088*z + 18498. Determine n(-6).
-66
Let o(v) = -3*v**2 + 30834*v - 154084. What is o(5)?
11
Let g(b) = -b**2 + 9964*b - 69774. Calculate g(7).
-75
Let h(d) = 4*d**2 + 100*d - 710. What is h(13)?
1266
Let c(d) = 559*d + 24598. Determine c(-44).
2
Let w(j) = 2*j**3 + 137*j**2 + 430*j + 120. Determine w(-3).
9
Let g(n) = n**3 + 197*n**2 + 2226*n + 1095. What is g(-185)?
-15
Let k(r) = r**2 - 853*r + 48251. Determine k(61).
-61
Let m(c) = -c**3 - 170*c**2 + 1606*c + 23. Calculate m(9).
-22
Let q(g) = g**3 + 778*g**2 + 142671*g - 464. What is q(-482)?
18
Let u(b) = 3*b**2 - 173*b + 2446. What is u(24)?
22
Let x(b) = 13224*b + 52868. What is x(-4)?
-28
Let y(d) = -9*d**2 - 351*d + 9104. Determine y(-57).
-130
Let w(d) = -218*d**2 + 3023*d - 24. Determine w(14).
-430
Let y(k) = 1066*k**3 - k**2 - 473*k - 471. What is y(-1)?
-1065
Let k(i) = -409834*i + 34426053. Give k(84).
-3
Let y(j) = 6*j**3 - 990*j**2 + 89*j - 14682. Give y(165).
3
Let a(q) = 33*q**2 + 1913*q - 2008. Give a(-59).
-2
Let q(i) = 75*i**2 + 34*i + 16. Determine q(1).
125
Let x(f) = -6*f**2 - 231*f + 22857. Give x(-84).
-75
Let z(a) = 13*a**2 - 2320*a + 65. What is z(178)?
-1003
Let b(k) = 343*k**3 - 18*k**2 + 15*k + 1. What is b(1)?
341
Let s(j) = 24*j - 175. Give s(-13).
-487
Let s(r) = 123*r**2 + 8237*r - 241. Determine s(-67).
27
Let c(h) = 22525*h + 653224. Give c(-29).
-1
Let q(l) = l**3 - 9*l**2 - 48*l + 442. Determine q(12).
298
Let n(j) = 2*j**3 + 353*j**2 + 3651*j + 107. What is n(-11)?
-3
Let f(u) = -2*u**3 - 77*u**2 - 412*u + 34. What is f(-7)?
-169
Let h(a) = 555*a - 16511. Determine h(30).
139
Let g(v) = 3*v**3 + 33*v**2 + 163*v - 7. What is g(0)?
-7
Let b(i) = -i**3 + 39*i**2 - 71*i - 97. What is b(37)?
14
Let p(o) = 4*o**3 + 81*o**2 - 667*o + 23. Calculate p(10).
5453
Let t(m) = 273*m - 5253. What is t(19)?
-66
Let q(h) = 512*h - 609. Give q(2).
415
Let c(l) = -l**3 - 125*l**2 + 1470*l + 276. Give c(11).
-10
Let p(q) = 32566*q - 65116. What is p(2)?
16
Let f(m) = -m**2 + 137*m + 40893. What is f(-145)?
3
Let z(k) = 2*k**2 - 123392*k - 863861. Determine z(-7).
-19
Let r(g) = 9*g**3 - 81*g**2 + 183*g - 102. Determine r(1).
9
Let u(j) = -6374*j + 5596380. Calculate u(878).
8
Let m(l) = -46*l**3 + 828*l**2 + 86*l - 1555. Give m(18).
-7
Let c(x) = -2736*x + 68803. Calculate c(25).
403
Let y(b) = -4518*b - 149280. Give y(-33).
-186
Let u(i) = i**2 + 1720*i + 351478. Determine u(-237).
7
Let w(t) = -1038*t - 478469. Give w(-461).
49
Let c(v) = -v**2 - 193*v - 720. Give c(-4).
36
Let a(u) = 569*u + 65434. Give a(-115).
-1
Let b(d) = -2187*d + 15771. What is b(7)?
462
Let d(x) = -38*x**2 + 779*x + 31. Calculate d(20).
411
Let m(x) = -469687*x + 939376. Calculate m(2).
2
Let i(a) = a**3 - 19*a**2 + 139*a - 410. What is i(6)?
-44
Let d(b) = -229*b + 7227. Calculate d(33).
-330
Let b(f) = -11*f**2 + 531*f - 5472. Determine b(15).
18
Let v(d) = 14253*d - 12485629. Give v(876).
-1
Let v(h) = -43*h**3 - 528*h**2 + 401*h - 34. What is v(-13)?
-8
Let h(l) = -3*l**3 + 20*l**2 + 173*l - 77. Determine h(-5).
-67
Let y(c) = 66*c**2 - 3223*c + 39325. Give y(25).
0
Let o(f) = 242166*f - 3390320. Give o(14).
4
Let a(f) = -31728*f - 824934. Calculate a(-26).
-6
Let h(v) = v**3 + 15*v**2 + 2454*v + 39530. What is h(-16)?
10
Let n(z) = -2170*z + 30387. Determine n(14).
7
Let t(z) = -5*z**3 + 386*z**2 - 552*z + 7144. Calculate t(76).
-152
Let d(q) = 57187*q + 1715602. Calculate d(-30).
-8
Let i(s) = -416*s + 43074. Determine i(115).
-4766
Let o(p) = -p**3 + 27*p**2 - 1032*p + 2896. Give o(3).
16
Let x(c) = -c**3 - 214*c**2 + 2028*c + 4749. Give x(-223).
66
Let k(m) = 13719*m + 108501. Calculate k(-8).
-1251
Let l(d) = d**3 + 75*d**2 - 106*d + 1838. Calculate l(-76).
4118
Let a(b) = b**2 + 825*b + 156120. What is a(-294)?
6
Let q(n) = -39*n**2 - 7564*n + 438. What is q(-194)?
50
Let o(s) = s**3 + 33*s**2 - 59*s - 4513. What is o(-30)?
-43
Let t(m) = 2*m**2 - 69240*m - 69238. Determine t(-1).
4
Let r(w) = -w**3 + 23*w**2 + 5421*w - 38737. Determine r(7).
-6
Let c(l) = -265*l**2 + 84532*l + 964. Determine c(319).
7
Let k(l) = -4327*l + 281290. Determine k(65).
35
Let q(j) = 7*j**3 - 2578*j**2 + 152440*j + 4. Give q(74).
4
Let s(d) = 13*d**3 + 1227*d**2 - 2011*d + 542. Give s(-96).
62
Let p(k) = -938*k + 43829. Give p(47).
-257
Let n(f) = 253*f**2 - 45272*f - 2695. Give n(179).
-10
Let q(p) = -p**3 + 539*p**2 - 9777*p - 53570. What is q(520)?
-10
Let v(x) = 6*x**3 - 159*x - 841. Give v(-5).
-796
Let d(a) = 3*a**3 - 150*a**2 + 278*a + 517. What is d(48)?
37
Let s(k) = -2*k**3 - 16*k**2 - 95181*k - 666149. What is s(-7)?
20
Let g(m) = 5*m**2 + 17532*m - 52631. Calculate g(3).
10
Let h(j) = 84*j + 2224. Give h(-31).
-380
Let c(q) = 3334*q + 1306. Give c(-1).
-2028
Let g(v) = -v**3 + 77*v**2 - 148*v + 75. Determine g(75).
225
Let z(t) = -229*t - 1787. Give z(-9).
274
Let i(d) = -131*d + 1624. What is i(0)?
1624
Let b(x) = -19*x**2 - 202*x + 9203. Determine b(-28).
-37
Let w(f) = -7*f**3 + 38*f**2 + 53*f - 74. Determine w(7).
-242
Let x(v) = v**3 - 36*v**2 + 185*v - 1941. Give x(32).
-117
Let a(w) = -128*w**2 + 77*w + 112. Give a(-3).
-1271
Let n(q) = 2*q**3 - 26*q**2 - 319*q + 3211. What is n(8)?
19
Let q(r) = r**3 + 12*r**2 - 397*r - 3884. What is q(-9)?
-68
Let h(f) = -f**3 + 106*f**2 - 2273*f + 37. Calculate h(76).
569
Let f(r) = -21*r**2 - 108*r - 308. Give f(-3).
-173
Let n(l) = -720*l + 34626. What is n(48)?
66
Let c(u) = -1120816*u - 1120784. Determine c(-1).
32
Let f(i) = -60*i + 1366. Give f(23).
-14
Let d(m) = -m**3 - 76*m**2 - 343*m + 12972. Calculate d(-68).
-696
Let g(u) = -4*u**3 - 1272*u**2 + 162*u + 51532. Determine g(-318).
16
Let q(n) = -n**2 - 83*n + 3498. Calculate q(26).
664
Let p(i) = -i**3 + 71*i**2 + 590*i - 3447. Give p(78).
-15
Let y(m) = 2*m**3 - 56*m**2 + 26*m + 110. What is y(28)?
838
Let k(u) = -u**3 + 619*u**2 - 260*u - 600960. Determine k(617).
-2
Let x(v) = -v**3 - 315*v**2 + 1082*v + 40785. Determine x(-318).
81
Let w(l) = -10228*l - 10138. Determine w(-1).
90
Let h(k) = 9319*k + 18184. Determine h(-2).
-454
Let t(g) = -5*g**3 - 624*g**2 - 96*g - 27591. Give t(-125).
34
Let l(f) = 3*f**3 - 248*f**2 + 778*f - 50328. Give l(82).
20
Let x(h) = -h**2 + 115301*h - 1268184. Calculate x(11).
6
Let w(s) = 2*s**3 - 17*s**2 + 24*s + 103. Give w(13).
1936
Let r(o) = o**2 - 5872*o + 227303. Determine r(39).
-184
Let y(l) = 1872*l - 67408. Calculate y(36).
-16
Let r(p) = -2704*p - 28489. Calculate r(-11).
1255
Let d(y) = y**2 - 1249138*y - 9993168. Calculate d(-8).
0
Let f(y) = 2*y**2 - 16956*y - 7660900. Give f(-430).
-20
Let r(l) = 876*l - 38555. Calculate r(44).
-11
Let f(w) = 128*w**3 + 1158*w**2 + 47*w - 73. What is f(-9)?
-10
Let u(q) = -7*q**3 - 672*q**2 - 3*q - 583. Give u(-96).
-295
Let z(i) = -5*i**3 - 22*i**2 - 168*i - 131. Give z(-6).
1165
Let f(w) = 2*w**2 - 20079*w - 887342. Determine f(-44).
6
Let t(n) = -9*n**2 + 2285*n - 132664. Calculate t(164).
12
Let a(d) = d**3 - 16*d**2 - 150*d + 1444. Give a(7).
-47
Let q(c) = 6*c**2 + 296*c - 478. Give q(-49).
-576
Let p(v) = 19*v**2 + 1538*v - 271. Calculate p(-81).
-190
Let h(y) = 14*y**3 + 1795*y**2 + 384*y + 496. Give h(-128).
496
Let i(h) = -13*h**3 + 4*h**2 - h - 210. What is i(0)?
-210
Let o(d) = 72*d**2 + 49*d - 172. Calculate o(4).
1176
Let a(h) = -41143*h - 122870. Give a(-3).
559
Let u(i) = i**3 + 119*i**2 + 1721*i - 1262. Calculate u(-102).
64
Let b(a) = -3*a**2 + 262*a + 5832. Calculate b(106).
-104
Let c(g) = 9*g**2 - 640*g + 658. Calculate c(70).
-42
Let y(g) = 1026*g**2 - 7341*g + 1094. Determine y(7).
-19
Let i(q) = -148654*q - 594552. Give i(-4).
64
Let d(y) = 14*y**2 - 28339*y + 281985. Calculate d(10).
-5
Let c(o) = 22386*o + 403001. Calculate c(-18).
53
Let o(f) = 5991*f - 515259. Give o(86).
-33
Let p(h) = h**3 - 22*h**2 + 50*h - 20. Give p(19).
-153
Let t(k) = k**3 + 32*k**2 + 218*k - 639. Calculate t(-14).
-163
Let f(z) = 2*z**3 - 757*z**2 - 5461*z. Determine f(-7).
448
Let k(v) = -48*v**2 + 2166*v - 72. Determine k(46).
-2004
Let m(f) = 9*f**2 + 132*f - 736. Give m(9).
1181
Let b(d) = -2*d**3 - 869*d**2 - 435*d - 472. What is b(-434)?
-38
Let c(i) = i**2 + 195*i - 976. Give c(-200).
24
Let